{"id":1233,"date":"2019-11-09T15:59:18","date_gmt":"2019-11-09T15:59:18","guid":{"rendered":"http:\/\/dreid.nl\/?post_type=product&#038;p=1233"},"modified":"2021-10-23T08:11:25","modified_gmt":"2021-10-23T08:11:25","slug":"hortlak-jannisaries-submachine-gun","status":"publish","type":"product","link":"https:\/\/dreid.nl\/?product=hortlak-jannisaries-submachine-gun","title":{"rendered":"Hortlak Jannisaries (Submachine gun)"},"content":{"rendered":"<p>The Soru\u015fturma B\u00f6l\u00fcm\u00fc or Investigations Department is staffed by Janissaries trained in information collection and covert action techniques, agents that act clandestinely in foreign territory locating slavers to finish them off. These Janissaries are called Hortlak.<\/p>\n<p>Enjoy the peace of mind of being protected from a Loss of Lieutenant situation, thanks to the Hortlak\u2019s Chain of Command Special Skill you will not suffer this annoyance when playing with the Ramah Taskforce.<\/p>\n<p>Blister\u00a0contains:<br \/>\n1x Hortlak (Chain Of Command) (Submachine Gun)<\/p>\n","protected":false},"excerpt":{"rendered":"<p>The Soru\u015fturma B\u00f6l\u00fcm\u00fc or Investigations Department is staffed by Janissaries trained in information collection and covert action techniques, agents that act clandestinely in foreign territory locating slavers to finish them off. These Janissaries are called Hortlak. Enjoy the peace of mind of being protected from a Loss of Lieutenant situation, thanks to the Hortlak\u2019s Chain [&hellip;]<\/p>\n","protected":false},"featured_media":1234,"template":"","meta":[],"product_brand":[],"product_cat":[62],"product_tag":[],"class_list":{"0":"post-1233","1":"product","2":"type-product","3":"status-publish","4":"has-post-thumbnail","6":"product_cat-haqqislam","8":"first","9":"onbackorder","10":"shipping-taxable","11":"purchasable","12":"product-type-simple","13":"czr-hentry"},"yoast_head":"<!-- This site is optimized with the Yoast SEO plugin v27.4 - https:\/\/yoast.com\/product\/yoast-seo-wordpress\/ -->\n<title>Hortlak Jannisaries (Submachine gun) - DreiD BV<\/title>\n<meta name=\"robots\" content=\"index, follow, max-snippet:-1, max-image-preview:large, max-video-preview:-1\" \/>\n<link rel=\"canonical\" href=\"https:\/\/dreid.nl\/?product=hortlak-jannisaries-submachine-gun\" \/>\n<meta property=\"og:locale\" content=\"nl_NL\" \/>\n<meta property=\"og:type\" content=\"article\" \/>\n<meta property=\"og:title\" content=\"Hortlak Jannisaries (Submachine gun) - DreiD BV\" \/>\n<meta property=\"og:description\" content=\"The Soru\u015fturma B\u00f6l\u00fcm\u00fc or Investigations Department is staffed by Janissaries trained in information collection and covert action techniques, agents that act clandestinely in foreign territory locating slavers to finish them off. These Janissaries are called Hortlak. Enjoy the peace of mind of being protected from a Loss of Lieutenant situation, thanks to the Hortlak\u2019s Chain [&hellip;]\" \/>\n<meta property=\"og:url\" content=\"https:\/\/dreid.nl\/?product=hortlak-jannisaries-submachine-gun\" \/>\n<meta property=\"og:site_name\" content=\"DreiD BV\" \/>\n<meta property=\"article:publisher\" content=\"https:\/\/www.facebook.com\/DreiDBV\" \/>\n<meta property=\"article:modified_time\" content=\"2021-10-23T08:11:25+00:00\" \/>\n<meta property=\"og:image\" content=\"https:\/\/dreid.nl\/wp-content\/uploads\/2019\/11\/jannisaries-submachine-gun-1.png\" \/>\n\t<meta property=\"og:image:width\" content=\"1296\" \/>\n\t<meta property=\"og:image:height\" content=\"972\" \/>\n\t<meta property=\"og:image:type\" content=\"image\/png\" \/>\n<meta name=\"twitter:card\" content=\"summary_large_image\" \/>\n<script type=\"application\/ld+json\" class=\"yoast-schema-graph\">{\"@context\":\"https:\\\/\\\/schema.org\",\"@graph\":[{\"@type\":\"WebPage\",\"@id\":\"https:\\\/\\\/dreid.nl\\\/?product=hortlak-jannisaries-submachine-gun\",\"url\":\"https:\\\/\\\/dreid.nl\\\/?product=hortlak-jannisaries-submachine-gun\",\"name\":\"Hortlak Jannisaries (Submachine gun) - DreiD BV\",\"isPartOf\":{\"@id\":\"https:\\\/\\\/dreid.nl\\\/#website\"},\"primaryImageOfPage\":{\"@id\":\"https:\\\/\\\/dreid.nl\\\/?product=hortlak-jannisaries-submachine-gun#primaryimage\"},\"image\":{\"@id\":\"https:\\\/\\\/dreid.nl\\\/?product=hortlak-jannisaries-submachine-gun#primaryimage\"},\"thumbnailUrl\":\"https:\\\/\\\/dreid.nl\\\/wp-content\\\/uploads\\\/2019\\\/11\\\/jannisaries-submachine-gun-1.png\",\"datePublished\":\"2019-11-09T15:59:18+00:00\",\"dateModified\":\"2021-10-23T08:11:25+00:00\",\"breadcrumb\":{\"@id\":\"https:\\\/\\\/dreid.nl\\\/?product=hortlak-jannisaries-submachine-gun#breadcrumb\"},\"inLanguage\":\"nl-NL\",\"potentialAction\":[{\"@type\":\"ReadAction\",\"target\":[\"https:\\\/\\\/dreid.nl\\\/?product=hortlak-jannisaries-submachine-gun\"]}]},{\"@type\":\"ImageObject\",\"inLanguage\":\"nl-NL\",\"@id\":\"https:\\\/\\\/dreid.nl\\\/?product=hortlak-jannisaries-submachine-gun#primaryimage\",\"url\":\"https:\\\/\\\/dreid.nl\\\/wp-content\\\/uploads\\\/2019\\\/11\\\/jannisaries-submachine-gun-1.png\",\"contentUrl\":\"https:\\\/\\\/dreid.nl\\\/wp-content\\\/uploads\\\/2019\\\/11\\\/jannisaries-submachine-gun-1.png\",\"width\":1296,\"height\":972},{\"@type\":\"BreadcrumbList\",\"@id\":\"https:\\\/\\\/dreid.nl\\\/?product=hortlak-jannisaries-submachine-gun#breadcrumb\",\"itemListElement\":[{\"@type\":\"ListItem\",\"position\":1,\"name\":\"Home\",\"item\":\"https:\\\/\\\/dreid.nl\\\/\"},{\"@type\":\"ListItem\",\"position\":2,\"name\":\"Shop\",\"item\":\"https:\\\/\\\/dreid.nl\\\/?page_id=170\"},{\"@type\":\"ListItem\",\"position\":3,\"name\":\"Hortlak Jannisaries (Submachine gun)\"}]},{\"@type\":\"WebSite\",\"@id\":\"https:\\\/\\\/dreid.nl\\\/#website\",\"url\":\"https:\\\/\\\/dreid.nl\\\/\",\"name\":\"DreiD BV\",\"description\":\"3D printen en meer\",\"publisher\":{\"@id\":\"https:\\\/\\\/dreid.nl\\\/#organization\"},\"potentialAction\":[{\"@type\":\"SearchAction\",\"target\":{\"@type\":\"EntryPoint\",\"urlTemplate\":\"https:\\\/\\\/dreid.nl\\\/?s={search_term_string}\"},\"query-input\":{\"@type\":\"PropertyValueSpecification\",\"valueRequired\":true,\"valueName\":\"search_term_string\"}}],\"inLanguage\":\"nl-NL\"},{\"@type\":\"Organization\",\"@id\":\"https:\\\/\\\/dreid.nl\\\/#organization\",\"name\":\"DreiD B.V.\",\"url\":\"https:\\\/\\\/dreid.nl\\\/\",\"logo\":{\"@type\":\"ImageObject\",\"inLanguage\":\"nl-NL\",\"@id\":\"https:\\\/\\\/dreid.nl\\\/#\\\/schema\\\/logo\\\/image\\\/\",\"url\":\"http:\\\/\\\/dreid.nl\\\/wp-content\\\/uploads\\\/2017\\\/11\\\/cropped-logo-vierkant.png\",\"contentUrl\":\"http:\\\/\\\/dreid.nl\\\/wp-content\\\/uploads\\\/2017\\\/11\\\/cropped-logo-vierkant.png\",\"width\":512,\"height\":512,\"caption\":\"DreiD B.V.\"},\"image\":{\"@id\":\"https:\\\/\\\/dreid.nl\\\/#\\\/schema\\\/logo\\\/image\\\/\"},\"sameAs\":[\"https:\\\/\\\/www.facebook.com\\\/DreiDBV\"]}]}<\/script>\n<!-- \/ Yoast SEO plugin. -->","yoast_head_json":{"title":"Hortlak Jannisaries (Submachine gun) - DreiD BV","robots":{"index":"index","follow":"follow","max-snippet":"max-snippet:-1","max-image-preview":"max-image-preview:large","max-video-preview":"max-video-preview:-1"},"canonical":"https:\/\/dreid.nl\/?product=hortlak-jannisaries-submachine-gun","og_locale":"nl_NL","og_type":"article","og_title":"Hortlak Jannisaries (Submachine gun) - DreiD BV","og_description":"The Soru\u015fturma B\u00f6l\u00fcm\u00fc or Investigations Department is staffed by Janissaries trained in information collection and covert action techniques, agents that act clandestinely in foreign territory locating slavers to finish them off. These Janissaries are called Hortlak. Enjoy the peace of mind of being protected from a Loss of Lieutenant situation, thanks to the Hortlak\u2019s Chain [&hellip;]","og_url":"https:\/\/dreid.nl\/?product=hortlak-jannisaries-submachine-gun","og_site_name":"DreiD BV","article_publisher":"https:\/\/www.facebook.com\/DreiDBV","article_modified_time":"2021-10-23T08:11:25+00:00","og_image":[{"width":1296,"height":972,"url":"https:\/\/dreid.nl\/wp-content\/uploads\/2019\/11\/jannisaries-submachine-gun-1.png","type":"image\/png"}],"twitter_card":"summary_large_image","schema":{"@context":"https:\/\/schema.org","@graph":[{"@type":"WebPage","@id":"https:\/\/dreid.nl\/?product=hortlak-jannisaries-submachine-gun","url":"https:\/\/dreid.nl\/?product=hortlak-jannisaries-submachine-gun","name":"Hortlak Jannisaries (Submachine gun) - DreiD BV","isPartOf":{"@id":"https:\/\/dreid.nl\/#website"},"primaryImageOfPage":{"@id":"https:\/\/dreid.nl\/?product=hortlak-jannisaries-submachine-gun#primaryimage"},"image":{"@id":"https:\/\/dreid.nl\/?product=hortlak-jannisaries-submachine-gun#primaryimage"},"thumbnailUrl":"https:\/\/dreid.nl\/wp-content\/uploads\/2019\/11\/jannisaries-submachine-gun-1.png","datePublished":"2019-11-09T15:59:18+00:00","dateModified":"2021-10-23T08:11:25+00:00","breadcrumb":{"@id":"https:\/\/dreid.nl\/?product=hortlak-jannisaries-submachine-gun#breadcrumb"},"inLanguage":"nl-NL","potentialAction":[{"@type":"ReadAction","target":["https:\/\/dreid.nl\/?product=hortlak-jannisaries-submachine-gun"]}]},{"@type":"ImageObject","inLanguage":"nl-NL","@id":"https:\/\/dreid.nl\/?product=hortlak-jannisaries-submachine-gun#primaryimage","url":"https:\/\/dreid.nl\/wp-content\/uploads\/2019\/11\/jannisaries-submachine-gun-1.png","contentUrl":"https:\/\/dreid.nl\/wp-content\/uploads\/2019\/11\/jannisaries-submachine-gun-1.png","width":1296,"height":972},{"@type":"BreadcrumbList","@id":"https:\/\/dreid.nl\/?product=hortlak-jannisaries-submachine-gun#breadcrumb","itemListElement":[{"@type":"ListItem","position":1,"name":"Home","item":"https:\/\/dreid.nl\/"},{"@type":"ListItem","position":2,"name":"Shop","item":"https:\/\/dreid.nl\/?page_id=170"},{"@type":"ListItem","position":3,"name":"Hortlak Jannisaries (Submachine gun)"}]},{"@type":"WebSite","@id":"https:\/\/dreid.nl\/#website","url":"https:\/\/dreid.nl\/","name":"DreiD BV","description":"3D printen en meer","publisher":{"@id":"https:\/\/dreid.nl\/#organization"},"potentialAction":[{"@type":"SearchAction","target":{"@type":"EntryPoint","urlTemplate":"https:\/\/dreid.nl\/?s={search_term_string}"},"query-input":{"@type":"PropertyValueSpecification","valueRequired":true,"valueName":"search_term_string"}}],"inLanguage":"nl-NL"},{"@type":"Organization","@id":"https:\/\/dreid.nl\/#organization","name":"DreiD B.V.","url":"https:\/\/dreid.nl\/","logo":{"@type":"ImageObject","inLanguage":"nl-NL","@id":"https:\/\/dreid.nl\/#\/schema\/logo\/image\/","url":"http:\/\/dreid.nl\/wp-content\/uploads\/2017\/11\/cropped-logo-vierkant.png","contentUrl":"http:\/\/dreid.nl\/wp-content\/uploads\/2017\/11\/cropped-logo-vierkant.png","width":512,"height":512,"caption":"DreiD B.V."},"image":{"@id":"https:\/\/dreid.nl\/#\/schema\/logo\/image\/"},"sameAs":["https:\/\/www.facebook.com\/DreiDBV"]}]}},"_links":{"self":[{"href":"https:\/\/dreid.nl\/index.php?rest_route=\/wp\/v2\/product\/1233","targetHints":{"allow":["GET"]}}],"collection":[{"href":"https:\/\/dreid.nl\/index.php?rest_route=\/wp\/v2\/product"}],"about":[{"href":"https:\/\/dreid.nl\/index.php?rest_route=\/wp\/v2\/types\/product"}],"wp:featuredmedia":[{"embeddable":true,"href":"https:\/\/dreid.nl\/index.php?rest_route=\/wp\/v2\/media\/1234"}],"wp:attachment":[{"href":"https:\/\/dreid.nl\/index.php?rest_route=%2Fwp%2Fv2%2Fmedia&parent=1233"}],"wp:term":[{"taxonomy":"product_brand","embeddable":true,"href":"https:\/\/dreid.nl\/index.php?rest_route=%2Fwp%2Fv2%2Fproduct_brand&post=1233"},{"taxonomy":"product_cat","embeddable":true,"href":"https:\/\/dreid.nl\/index.php?rest_route=%2Fwp%2Fv2%2Fproduct_cat&post=1233"},{"taxonomy":"product_tag","embeddable":true,"href":"https:\/\/dreid.nl\/index.php?rest_route=%2Fwp%2Fv2%2Fproduct_tag&post=1233"}],"curies":[{"name":"wp","href":"https:\/\/api.w.org\/{rel}","templated":true}]}}