{"id":2727,"date":"2024-07-05T10:46:00","date_gmt":"2024-07-05T10:46:00","guid":{"rendered":"https:\/\/dreid.nl\/?post_type=product&#038;p=2727"},"modified":"2024-07-05T10:46:01","modified_gmt":"2024-07-05T10:46:01","slug":"invincible-army-action-pack","status":"publish","type":"product","link":"https:\/\/dreid.nl\/?product=invincible-army-action-pack","title":{"rendered":"Invincible Army Action Pack"},"content":{"rendered":"<p>The army corps known by this imposing name forms the core of the StateEmpire Army. It\u2019s a force characterized by employing Heavy Infantry as its true and main protagonist, and the heart of its entire operational approach. The Invincible Army is comprised of a wide range of specialized Heavy Infantry units.<\/p>\n<p>This box includes eleven miniatures: One Z\u00fay\u014fng with Missile Launcher, one Z\u00fay\u014fng with Boarding Shotgun, one Z\u00fay\u014fng with Combi Rifle, one D\u0101oy\u012bng with MULTI Sniper Rifle, one Li\u00fa X\u012bng Hacker, one Haid\u00e0o with Combi Rifle, one Krit Kokram, one H\u00fal\u00e1ng with Combi Rifle, one Zh\u0113nch\u00e1 with Submachine Gun, one Tai Sheng with Breaker Rifle, and one TinBot. The ideal box to start collecting and playing with the mighty Invincible Army.<\/p>\n","protected":false},"excerpt":{"rendered":"<p>The army corps known by this imposing name forms the core of the StateEmpire Army. It\u2019s a force characterized by employing Heavy Infantry as its true and main protagonist, and the heart of its entire operational approach. The Invincible Army is comprised of a wide range of specialized Heavy Infantry units. This box includes eleven [&hellip;]<\/p>\n","protected":false},"featured_media":2728,"template":"","meta":[],"product_brand":[],"product_cat":[65],"product_tag":[],"class_list":{"0":"post-2727","1":"product","2":"type-product","3":"status-publish","4":"has-post-thumbnail","6":"product_cat-yu-jing","8":"first","9":"onbackorder","10":"shipping-taxable","11":"purchasable","12":"product-type-simple","13":"czr-hentry"},"yoast_head":"<!-- This site is optimized with the Yoast SEO plugin v27.4 - https:\/\/yoast.com\/product\/yoast-seo-wordpress\/ -->\n<title>Invincible Army Action Pack - DreiD BV<\/title>\n<meta name=\"robots\" content=\"index, follow, max-snippet:-1, max-image-preview:large, max-video-preview:-1\" \/>\n<link rel=\"canonical\" href=\"https:\/\/dreid.nl\/?product=invincible-army-action-pack\" \/>\n<meta property=\"og:locale\" content=\"nl_NL\" \/>\n<meta property=\"og:type\" content=\"article\" \/>\n<meta property=\"og:title\" content=\"Invincible Army Action Pack - DreiD BV\" \/>\n<meta property=\"og:description\" content=\"The army corps known by this imposing name forms the core of the StateEmpire Army. It\u2019s a force characterized by employing Heavy Infantry as its true and main protagonist, and the heart of its entire operational approach. The Invincible Army is comprised of a wide range of specialized Heavy Infantry units. This box includes eleven [&hellip;]\" \/>\n<meta property=\"og:url\" content=\"https:\/\/dreid.nl\/?product=invincible-army-action-pack\" \/>\n<meta property=\"og:site_name\" content=\"DreiD BV\" \/>\n<meta property=\"article:publisher\" content=\"https:\/\/www.facebook.com\/DreiDBV\" \/>\n<meta property=\"article:modified_time\" content=\"2024-07-05T10:46:01+00:00\" \/>\n<meta property=\"og:image\" content=\"http:\/\/dreid.nl\/wp-content\/uploads\/2024\/07\/invincible-army-action-pack-1.webp\" \/>\n\t<meta property=\"og:image:width\" content=\"921\" \/>\n\t<meta property=\"og:image:height\" content=\"691\" \/>\n\t<meta property=\"og:image:type\" content=\"image\/webp\" \/>\n<meta name=\"twitter:card\" content=\"summary_large_image\" \/>\n<meta name=\"twitter:label1\" content=\"Verwachte leestijd\" \/>\n\t<meta name=\"twitter:data1\" content=\"1 minuut\" \/>\n<script type=\"application\/ld+json\" class=\"yoast-schema-graph\">{\"@context\":\"https:\\\/\\\/schema.org\",\"@graph\":[{\"@type\":\"WebPage\",\"@id\":\"https:\\\/\\\/dreid.nl\\\/?product=invincible-army-action-pack\",\"url\":\"https:\\\/\\\/dreid.nl\\\/?product=invincible-army-action-pack\",\"name\":\"Invincible Army Action Pack - DreiD BV\",\"isPartOf\":{\"@id\":\"https:\\\/\\\/dreid.nl\\\/#website\"},\"primaryImageOfPage\":{\"@id\":\"https:\\\/\\\/dreid.nl\\\/?product=invincible-army-action-pack#primaryimage\"},\"image\":{\"@id\":\"https:\\\/\\\/dreid.nl\\\/?product=invincible-army-action-pack#primaryimage\"},\"thumbnailUrl\":\"https:\\\/\\\/dreid.nl\\\/wp-content\\\/uploads\\\/2024\\\/07\\\/invincible-army-action-pack-1.webp\",\"datePublished\":\"2024-07-05T10:46:00+00:00\",\"dateModified\":\"2024-07-05T10:46:01+00:00\",\"breadcrumb\":{\"@id\":\"https:\\\/\\\/dreid.nl\\\/?product=invincible-army-action-pack#breadcrumb\"},\"inLanguage\":\"nl-NL\",\"potentialAction\":[{\"@type\":\"ReadAction\",\"target\":[\"https:\\\/\\\/dreid.nl\\\/?product=invincible-army-action-pack\"]}]},{\"@type\":\"ImageObject\",\"inLanguage\":\"nl-NL\",\"@id\":\"https:\\\/\\\/dreid.nl\\\/?product=invincible-army-action-pack#primaryimage\",\"url\":\"https:\\\/\\\/dreid.nl\\\/wp-content\\\/uploads\\\/2024\\\/07\\\/invincible-army-action-pack-1.webp\",\"contentUrl\":\"https:\\\/\\\/dreid.nl\\\/wp-content\\\/uploads\\\/2024\\\/07\\\/invincible-army-action-pack-1.webp\",\"width\":921,\"height\":691},{\"@type\":\"BreadcrumbList\",\"@id\":\"https:\\\/\\\/dreid.nl\\\/?product=invincible-army-action-pack#breadcrumb\",\"itemListElement\":[{\"@type\":\"ListItem\",\"position\":1,\"name\":\"Home\",\"item\":\"https:\\\/\\\/dreid.nl\\\/\"},{\"@type\":\"ListItem\",\"position\":2,\"name\":\"Shop\",\"item\":\"https:\\\/\\\/dreid.nl\\\/?page_id=170\"},{\"@type\":\"ListItem\",\"position\":3,\"name\":\"Invincible Army Action Pack\"}]},{\"@type\":\"WebSite\",\"@id\":\"https:\\\/\\\/dreid.nl\\\/#website\",\"url\":\"https:\\\/\\\/dreid.nl\\\/\",\"name\":\"DreiD BV\",\"description\":\"3D printen en meer\",\"publisher\":{\"@id\":\"https:\\\/\\\/dreid.nl\\\/#organization\"},\"potentialAction\":[{\"@type\":\"SearchAction\",\"target\":{\"@type\":\"EntryPoint\",\"urlTemplate\":\"https:\\\/\\\/dreid.nl\\\/?s={search_term_string}\"},\"query-input\":{\"@type\":\"PropertyValueSpecification\",\"valueRequired\":true,\"valueName\":\"search_term_string\"}}],\"inLanguage\":\"nl-NL\"},{\"@type\":\"Organization\",\"@id\":\"https:\\\/\\\/dreid.nl\\\/#organization\",\"name\":\"DreiD B.V.\",\"url\":\"https:\\\/\\\/dreid.nl\\\/\",\"logo\":{\"@type\":\"ImageObject\",\"inLanguage\":\"nl-NL\",\"@id\":\"https:\\\/\\\/dreid.nl\\\/#\\\/schema\\\/logo\\\/image\\\/\",\"url\":\"http:\\\/\\\/dreid.nl\\\/wp-content\\\/uploads\\\/2017\\\/11\\\/cropped-logo-vierkant.png\",\"contentUrl\":\"http:\\\/\\\/dreid.nl\\\/wp-content\\\/uploads\\\/2017\\\/11\\\/cropped-logo-vierkant.png\",\"width\":512,\"height\":512,\"caption\":\"DreiD B.V.\"},\"image\":{\"@id\":\"https:\\\/\\\/dreid.nl\\\/#\\\/schema\\\/logo\\\/image\\\/\"},\"sameAs\":[\"https:\\\/\\\/www.facebook.com\\\/DreiDBV\"]}]}<\/script>\n<!-- \/ Yoast SEO plugin. -->","yoast_head_json":{"title":"Invincible Army Action Pack - DreiD BV","robots":{"index":"index","follow":"follow","max-snippet":"max-snippet:-1","max-image-preview":"max-image-preview:large","max-video-preview":"max-video-preview:-1"},"canonical":"https:\/\/dreid.nl\/?product=invincible-army-action-pack","og_locale":"nl_NL","og_type":"article","og_title":"Invincible Army Action Pack - DreiD BV","og_description":"The army corps known by this imposing name forms the core of the StateEmpire Army. It\u2019s a force characterized by employing Heavy Infantry as its true and main protagonist, and the heart of its entire operational approach. The Invincible Army is comprised of a wide range of specialized Heavy Infantry units. This box includes eleven [&hellip;]","og_url":"https:\/\/dreid.nl\/?product=invincible-army-action-pack","og_site_name":"DreiD BV","article_publisher":"https:\/\/www.facebook.com\/DreiDBV","article_modified_time":"2024-07-05T10:46:01+00:00","og_image":[{"width":921,"height":691,"url":"http:\/\/dreid.nl\/wp-content\/uploads\/2024\/07\/invincible-army-action-pack-1.webp","type":"image\/webp"}],"twitter_card":"summary_large_image","twitter_misc":{"Verwachte leestijd":"1 minuut"},"schema":{"@context":"https:\/\/schema.org","@graph":[{"@type":"WebPage","@id":"https:\/\/dreid.nl\/?product=invincible-army-action-pack","url":"https:\/\/dreid.nl\/?product=invincible-army-action-pack","name":"Invincible Army Action Pack - DreiD BV","isPartOf":{"@id":"https:\/\/dreid.nl\/#website"},"primaryImageOfPage":{"@id":"https:\/\/dreid.nl\/?product=invincible-army-action-pack#primaryimage"},"image":{"@id":"https:\/\/dreid.nl\/?product=invincible-army-action-pack#primaryimage"},"thumbnailUrl":"https:\/\/dreid.nl\/wp-content\/uploads\/2024\/07\/invincible-army-action-pack-1.webp","datePublished":"2024-07-05T10:46:00+00:00","dateModified":"2024-07-05T10:46:01+00:00","breadcrumb":{"@id":"https:\/\/dreid.nl\/?product=invincible-army-action-pack#breadcrumb"},"inLanguage":"nl-NL","potentialAction":[{"@type":"ReadAction","target":["https:\/\/dreid.nl\/?product=invincible-army-action-pack"]}]},{"@type":"ImageObject","inLanguage":"nl-NL","@id":"https:\/\/dreid.nl\/?product=invincible-army-action-pack#primaryimage","url":"https:\/\/dreid.nl\/wp-content\/uploads\/2024\/07\/invincible-army-action-pack-1.webp","contentUrl":"https:\/\/dreid.nl\/wp-content\/uploads\/2024\/07\/invincible-army-action-pack-1.webp","width":921,"height":691},{"@type":"BreadcrumbList","@id":"https:\/\/dreid.nl\/?product=invincible-army-action-pack#breadcrumb","itemListElement":[{"@type":"ListItem","position":1,"name":"Home","item":"https:\/\/dreid.nl\/"},{"@type":"ListItem","position":2,"name":"Shop","item":"https:\/\/dreid.nl\/?page_id=170"},{"@type":"ListItem","position":3,"name":"Invincible Army Action Pack"}]},{"@type":"WebSite","@id":"https:\/\/dreid.nl\/#website","url":"https:\/\/dreid.nl\/","name":"DreiD BV","description":"3D printen en meer","publisher":{"@id":"https:\/\/dreid.nl\/#organization"},"potentialAction":[{"@type":"SearchAction","target":{"@type":"EntryPoint","urlTemplate":"https:\/\/dreid.nl\/?s={search_term_string}"},"query-input":{"@type":"PropertyValueSpecification","valueRequired":true,"valueName":"search_term_string"}}],"inLanguage":"nl-NL"},{"@type":"Organization","@id":"https:\/\/dreid.nl\/#organization","name":"DreiD B.V.","url":"https:\/\/dreid.nl\/","logo":{"@type":"ImageObject","inLanguage":"nl-NL","@id":"https:\/\/dreid.nl\/#\/schema\/logo\/image\/","url":"http:\/\/dreid.nl\/wp-content\/uploads\/2017\/11\/cropped-logo-vierkant.png","contentUrl":"http:\/\/dreid.nl\/wp-content\/uploads\/2017\/11\/cropped-logo-vierkant.png","width":512,"height":512,"caption":"DreiD B.V."},"image":{"@id":"https:\/\/dreid.nl\/#\/schema\/logo\/image\/"},"sameAs":["https:\/\/www.facebook.com\/DreiDBV"]}]}},"_links":{"self":[{"href":"https:\/\/dreid.nl\/index.php?rest_route=\/wp\/v2\/product\/2727","targetHints":{"allow":["GET"]}}],"collection":[{"href":"https:\/\/dreid.nl\/index.php?rest_route=\/wp\/v2\/product"}],"about":[{"href":"https:\/\/dreid.nl\/index.php?rest_route=\/wp\/v2\/types\/product"}],"wp:featuredmedia":[{"embeddable":true,"href":"https:\/\/dreid.nl\/index.php?rest_route=\/wp\/v2\/media\/2728"}],"wp:attachment":[{"href":"https:\/\/dreid.nl\/index.php?rest_route=%2Fwp%2Fv2%2Fmedia&parent=2727"}],"wp:term":[{"taxonomy":"product_brand","embeddable":true,"href":"https:\/\/dreid.nl\/index.php?rest_route=%2Fwp%2Fv2%2Fproduct_brand&post=2727"},{"taxonomy":"product_cat","embeddable":true,"href":"https:\/\/dreid.nl\/index.php?rest_route=%2Fwp%2Fv2%2Fproduct_cat&post=2727"},{"taxonomy":"product_tag","embeddable":true,"href":"https:\/\/dreid.nl\/index.php?rest_route=%2Fwp%2Fv2%2Fproduct_tag&post=2727"}],"curies":[{"name":"wp","href":"https:\/\/api.w.org\/{rel}","templated":true}]}}