{"id":2729,"date":"2024-07-05T10:48:08","date_gmt":"2024-07-05T10:48:08","guid":{"rendered":"https:\/\/dreid.nl\/?post_type=product&#038;p=2729"},"modified":"2024-07-05T10:48:08","modified_gmt":"2024-07-05T10:48:08","slug":"invincible-army-expansion-pack","status":"publish","type":"product","link":"https:\/\/dreid.nl\/?product=invincible-army-expansion-pack","title":{"rendered":"Invincible Army Expansion Pack"},"content":{"rendered":"<p>The size of Yu Jing\u2019s military might does not matter. It doesn\u2019t matter how many frigates, spacecraft carriers, or battle cruisers the StateEmpire Navy has available. It doesn\u2019t matter how many cannons and missile launcher pads, orbital or on the planetary surface, the Yu Jing artillery regiments possess. It doesn\u2019t matter how advanced their communication and quantronic warfare units are. To the general public, the Yu Jing war machine\u2019s real symbol of force is the Invincible Army.<\/p>\n<p>This box includes three miniatures: a Haid\u00e0o with MULTI Sniper Rifle, a D\u0101oy\u012bng Hacker, and a Zh\u0113nch\u00e1 Hacker. The perfect complement to complete your Invincible Army collection you started with the Invincible Army Action Pack box.<\/p>\n","protected":false},"excerpt":{"rendered":"<p>The size of Yu Jing\u2019s military might does not matter. It doesn\u2019t matter how many frigates, spacecraft carriers, or battle cruisers the StateEmpire Navy has available. It doesn\u2019t matter how many cannons and missile launcher pads, orbital or on the planetary surface, the Yu Jing artillery regiments possess. It doesn\u2019t matter how advanced their communication [&hellip;]<\/p>\n","protected":false},"featured_media":2730,"template":"","meta":[],"product_brand":[],"product_cat":[65],"product_tag":[],"class_list":{"0":"post-2729","1":"product","2":"type-product","3":"status-publish","4":"has-post-thumbnail","6":"product_cat-yu-jing","8":"first","9":"onbackorder","10":"shipping-taxable","11":"purchasable","12":"product-type-simple","13":"czr-hentry"},"yoast_head":"<!-- This site is optimized with the Yoast SEO plugin v27.4 - https:\/\/yoast.com\/product\/yoast-seo-wordpress\/ -->\n<title>Invincible Army Expansion Pack - DreiD BV<\/title>\n<meta name=\"robots\" content=\"index, follow, max-snippet:-1, max-image-preview:large, max-video-preview:-1\" \/>\n<link rel=\"canonical\" href=\"https:\/\/dreid.nl\/?product=invincible-army-expansion-pack\" \/>\n<meta property=\"og:locale\" content=\"nl_NL\" \/>\n<meta property=\"og:type\" content=\"article\" \/>\n<meta property=\"og:title\" content=\"Invincible Army Expansion Pack - DreiD BV\" \/>\n<meta property=\"og:description\" content=\"The size of Yu Jing\u2019s military might does not matter. It doesn\u2019t matter how many frigates, spacecraft carriers, or battle cruisers the StateEmpire Navy has available. It doesn\u2019t matter how many cannons and missile launcher pads, orbital or on the planetary surface, the Yu Jing artillery regiments possess. It doesn\u2019t matter how advanced their communication [&hellip;]\" \/>\n<meta property=\"og:url\" content=\"https:\/\/dreid.nl\/?product=invincible-army-expansion-pack\" \/>\n<meta property=\"og:site_name\" content=\"DreiD BV\" \/>\n<meta property=\"article:publisher\" content=\"https:\/\/www.facebook.com\/DreiDBV\" \/>\n<meta property=\"og:image\" content=\"http:\/\/dreid.nl\/wp-content\/uploads\/2024\/07\/invincible-army-expansion-pack-1.webp\" \/>\n\t<meta property=\"og:image:width\" content=\"921\" \/>\n\t<meta property=\"og:image:height\" content=\"691\" \/>\n\t<meta property=\"og:image:type\" content=\"image\/webp\" \/>\n<meta name=\"twitter:card\" content=\"summary_large_image\" \/>\n<meta name=\"twitter:label1\" content=\"Verwachte leestijd\" \/>\n\t<meta name=\"twitter:data1\" content=\"1 minuut\" \/>\n<script type=\"application\/ld+json\" class=\"yoast-schema-graph\">{\"@context\":\"https:\\\/\\\/schema.org\",\"@graph\":[{\"@type\":\"WebPage\",\"@id\":\"https:\\\/\\\/dreid.nl\\\/?product=invincible-army-expansion-pack\",\"url\":\"https:\\\/\\\/dreid.nl\\\/?product=invincible-army-expansion-pack\",\"name\":\"Invincible Army Expansion Pack - DreiD BV\",\"isPartOf\":{\"@id\":\"https:\\\/\\\/dreid.nl\\\/#website\"},\"primaryImageOfPage\":{\"@id\":\"https:\\\/\\\/dreid.nl\\\/?product=invincible-army-expansion-pack#primaryimage\"},\"image\":{\"@id\":\"https:\\\/\\\/dreid.nl\\\/?product=invincible-army-expansion-pack#primaryimage\"},\"thumbnailUrl\":\"https:\\\/\\\/dreid.nl\\\/wp-content\\\/uploads\\\/2024\\\/07\\\/invincible-army-expansion-pack-1.webp\",\"datePublished\":\"2024-07-05T10:48:08+00:00\",\"breadcrumb\":{\"@id\":\"https:\\\/\\\/dreid.nl\\\/?product=invincible-army-expansion-pack#breadcrumb\"},\"inLanguage\":\"nl-NL\",\"potentialAction\":[{\"@type\":\"ReadAction\",\"target\":[\"https:\\\/\\\/dreid.nl\\\/?product=invincible-army-expansion-pack\"]}]},{\"@type\":\"ImageObject\",\"inLanguage\":\"nl-NL\",\"@id\":\"https:\\\/\\\/dreid.nl\\\/?product=invincible-army-expansion-pack#primaryimage\",\"url\":\"https:\\\/\\\/dreid.nl\\\/wp-content\\\/uploads\\\/2024\\\/07\\\/invincible-army-expansion-pack-1.webp\",\"contentUrl\":\"https:\\\/\\\/dreid.nl\\\/wp-content\\\/uploads\\\/2024\\\/07\\\/invincible-army-expansion-pack-1.webp\",\"width\":921,\"height\":691},{\"@type\":\"BreadcrumbList\",\"@id\":\"https:\\\/\\\/dreid.nl\\\/?product=invincible-army-expansion-pack#breadcrumb\",\"itemListElement\":[{\"@type\":\"ListItem\",\"position\":1,\"name\":\"Home\",\"item\":\"https:\\\/\\\/dreid.nl\\\/\"},{\"@type\":\"ListItem\",\"position\":2,\"name\":\"Shop\",\"item\":\"https:\\\/\\\/dreid.nl\\\/?page_id=170\"},{\"@type\":\"ListItem\",\"position\":3,\"name\":\"Invincible Army Expansion Pack\"}]},{\"@type\":\"WebSite\",\"@id\":\"https:\\\/\\\/dreid.nl\\\/#website\",\"url\":\"https:\\\/\\\/dreid.nl\\\/\",\"name\":\"DreiD BV\",\"description\":\"3D printen en meer\",\"publisher\":{\"@id\":\"https:\\\/\\\/dreid.nl\\\/#organization\"},\"potentialAction\":[{\"@type\":\"SearchAction\",\"target\":{\"@type\":\"EntryPoint\",\"urlTemplate\":\"https:\\\/\\\/dreid.nl\\\/?s={search_term_string}\"},\"query-input\":{\"@type\":\"PropertyValueSpecification\",\"valueRequired\":true,\"valueName\":\"search_term_string\"}}],\"inLanguage\":\"nl-NL\"},{\"@type\":\"Organization\",\"@id\":\"https:\\\/\\\/dreid.nl\\\/#organization\",\"name\":\"DreiD B.V.\",\"url\":\"https:\\\/\\\/dreid.nl\\\/\",\"logo\":{\"@type\":\"ImageObject\",\"inLanguage\":\"nl-NL\",\"@id\":\"https:\\\/\\\/dreid.nl\\\/#\\\/schema\\\/logo\\\/image\\\/\",\"url\":\"http:\\\/\\\/dreid.nl\\\/wp-content\\\/uploads\\\/2017\\\/11\\\/cropped-logo-vierkant.png\",\"contentUrl\":\"http:\\\/\\\/dreid.nl\\\/wp-content\\\/uploads\\\/2017\\\/11\\\/cropped-logo-vierkant.png\",\"width\":512,\"height\":512,\"caption\":\"DreiD B.V.\"},\"image\":{\"@id\":\"https:\\\/\\\/dreid.nl\\\/#\\\/schema\\\/logo\\\/image\\\/\"},\"sameAs\":[\"https:\\\/\\\/www.facebook.com\\\/DreiDBV\"]}]}<\/script>\n<!-- \/ Yoast SEO plugin. -->","yoast_head_json":{"title":"Invincible Army Expansion Pack - DreiD BV","robots":{"index":"index","follow":"follow","max-snippet":"max-snippet:-1","max-image-preview":"max-image-preview:large","max-video-preview":"max-video-preview:-1"},"canonical":"https:\/\/dreid.nl\/?product=invincible-army-expansion-pack","og_locale":"nl_NL","og_type":"article","og_title":"Invincible Army Expansion Pack - DreiD BV","og_description":"The size of Yu Jing\u2019s military might does not matter. It doesn\u2019t matter how many frigates, spacecraft carriers, or battle cruisers the StateEmpire Navy has available. It doesn\u2019t matter how many cannons and missile launcher pads, orbital or on the planetary surface, the Yu Jing artillery regiments possess. It doesn\u2019t matter how advanced their communication [&hellip;]","og_url":"https:\/\/dreid.nl\/?product=invincible-army-expansion-pack","og_site_name":"DreiD BV","article_publisher":"https:\/\/www.facebook.com\/DreiDBV","og_image":[{"width":921,"height":691,"url":"http:\/\/dreid.nl\/wp-content\/uploads\/2024\/07\/invincible-army-expansion-pack-1.webp","type":"image\/webp"}],"twitter_card":"summary_large_image","twitter_misc":{"Verwachte leestijd":"1 minuut"},"schema":{"@context":"https:\/\/schema.org","@graph":[{"@type":"WebPage","@id":"https:\/\/dreid.nl\/?product=invincible-army-expansion-pack","url":"https:\/\/dreid.nl\/?product=invincible-army-expansion-pack","name":"Invincible Army Expansion Pack - DreiD BV","isPartOf":{"@id":"https:\/\/dreid.nl\/#website"},"primaryImageOfPage":{"@id":"https:\/\/dreid.nl\/?product=invincible-army-expansion-pack#primaryimage"},"image":{"@id":"https:\/\/dreid.nl\/?product=invincible-army-expansion-pack#primaryimage"},"thumbnailUrl":"https:\/\/dreid.nl\/wp-content\/uploads\/2024\/07\/invincible-army-expansion-pack-1.webp","datePublished":"2024-07-05T10:48:08+00:00","breadcrumb":{"@id":"https:\/\/dreid.nl\/?product=invincible-army-expansion-pack#breadcrumb"},"inLanguage":"nl-NL","potentialAction":[{"@type":"ReadAction","target":["https:\/\/dreid.nl\/?product=invincible-army-expansion-pack"]}]},{"@type":"ImageObject","inLanguage":"nl-NL","@id":"https:\/\/dreid.nl\/?product=invincible-army-expansion-pack#primaryimage","url":"https:\/\/dreid.nl\/wp-content\/uploads\/2024\/07\/invincible-army-expansion-pack-1.webp","contentUrl":"https:\/\/dreid.nl\/wp-content\/uploads\/2024\/07\/invincible-army-expansion-pack-1.webp","width":921,"height":691},{"@type":"BreadcrumbList","@id":"https:\/\/dreid.nl\/?product=invincible-army-expansion-pack#breadcrumb","itemListElement":[{"@type":"ListItem","position":1,"name":"Home","item":"https:\/\/dreid.nl\/"},{"@type":"ListItem","position":2,"name":"Shop","item":"https:\/\/dreid.nl\/?page_id=170"},{"@type":"ListItem","position":3,"name":"Invincible Army Expansion Pack"}]},{"@type":"WebSite","@id":"https:\/\/dreid.nl\/#website","url":"https:\/\/dreid.nl\/","name":"DreiD BV","description":"3D printen en meer","publisher":{"@id":"https:\/\/dreid.nl\/#organization"},"potentialAction":[{"@type":"SearchAction","target":{"@type":"EntryPoint","urlTemplate":"https:\/\/dreid.nl\/?s={search_term_string}"},"query-input":{"@type":"PropertyValueSpecification","valueRequired":true,"valueName":"search_term_string"}}],"inLanguage":"nl-NL"},{"@type":"Organization","@id":"https:\/\/dreid.nl\/#organization","name":"DreiD B.V.","url":"https:\/\/dreid.nl\/","logo":{"@type":"ImageObject","inLanguage":"nl-NL","@id":"https:\/\/dreid.nl\/#\/schema\/logo\/image\/","url":"http:\/\/dreid.nl\/wp-content\/uploads\/2017\/11\/cropped-logo-vierkant.png","contentUrl":"http:\/\/dreid.nl\/wp-content\/uploads\/2017\/11\/cropped-logo-vierkant.png","width":512,"height":512,"caption":"DreiD B.V."},"image":{"@id":"https:\/\/dreid.nl\/#\/schema\/logo\/image\/"},"sameAs":["https:\/\/www.facebook.com\/DreiDBV"]}]}},"_links":{"self":[{"href":"https:\/\/dreid.nl\/index.php?rest_route=\/wp\/v2\/product\/2729","targetHints":{"allow":["GET"]}}],"collection":[{"href":"https:\/\/dreid.nl\/index.php?rest_route=\/wp\/v2\/product"}],"about":[{"href":"https:\/\/dreid.nl\/index.php?rest_route=\/wp\/v2\/types\/product"}],"wp:featuredmedia":[{"embeddable":true,"href":"https:\/\/dreid.nl\/index.php?rest_route=\/wp\/v2\/media\/2730"}],"wp:attachment":[{"href":"https:\/\/dreid.nl\/index.php?rest_route=%2Fwp%2Fv2%2Fmedia&parent=2729"}],"wp:term":[{"taxonomy":"product_brand","embeddable":true,"href":"https:\/\/dreid.nl\/index.php?rest_route=%2Fwp%2Fv2%2Fproduct_brand&post=2729"},{"taxonomy":"product_cat","embeddable":true,"href":"https:\/\/dreid.nl\/index.php?rest_route=%2Fwp%2Fv2%2Fproduct_cat&post=2729"},{"taxonomy":"product_tag","embeddable":true,"href":"https:\/\/dreid.nl\/index.php?rest_route=%2Fwp%2Fv2%2Fproduct_tag&post=2729"}],"curies":[{"name":"wp","href":"https:\/\/api.w.org\/{rel}","templated":true}]}}