{"id":2894,"date":"2025-03-28T09:19:37","date_gmt":"2025-03-28T09:19:37","guid":{"rendered":"https:\/\/dreid.nl\/?post_type=product&#038;p=2894"},"modified":"2025-03-28T09:19:37","modified_gmt":"2025-03-28T09:19:37","slug":"longwang-imperial-tag-police","status":"publish","type":"product","link":"https:\/\/dreid.nl\/?product=longwang-imperial-tag-police","title":{"rendered":"L\u00f3ngw\u00e1ng, Imperial TAG Police"},"content":{"rendered":"<p>At the request of the Imperial Service Tactical Command, the G\u0101ng Tie Corporation developed the Sh\u014fuh\u00f9l\u00f3ng model (\u5b88\u62a4\u9f99, \u201cGuardian Dragon\u201d), a compact TAG suited to the needs of that law enforcement unit. Featuring stronger armor than any other Imperial Service unit, this TAG can withstand the most intense firefights, as required by the new operational environments of the Imperial Service forces.<\/p>\n<p>Power and endurance in one miniature. This box comes with an awesome L\u00f3ngw\u00e1ng, ready to reinforce your Imperial Service Action Pack (REF: 281348-1140) with the devastating firepower of a TAG &#8211; don&#8217;t let any enemy stand in your way!<\/p>\n","protected":false},"excerpt":{"rendered":"<p>At the request of the Imperial Service Tactical Command, the G\u0101ng Tie Corporation developed the Sh\u014fuh\u00f9l\u00f3ng model (\u5b88\u62a4\u9f99, \u201cGuardian Dragon\u201d), a compact TAG suited to the needs of that law enforcement unit. Featuring stronger armor than any other Imperial Service unit, this TAG can withstand the most intense firefights, as required by the new operational [&hellip;]<\/p>\n","protected":false},"featured_media":2895,"template":"","meta":[],"product_brand":[],"product_cat":[65],"product_tag":[],"class_list":{"0":"post-2894","1":"product","2":"type-product","3":"status-publish","4":"has-post-thumbnail","6":"product_cat-yu-jing","8":"first","9":"onbackorder","10":"shipping-taxable","11":"purchasable","12":"product-type-simple","13":"czr-hentry"},"yoast_head":"<!-- This site is optimized with the Yoast SEO plugin v27.4 - https:\/\/yoast.com\/product\/yoast-seo-wordpress\/ -->\n<title>L\u00f3ngw\u00e1ng, Imperial TAG Police - DreiD BV<\/title>\n<meta name=\"robots\" content=\"index, follow, max-snippet:-1, max-image-preview:large, max-video-preview:-1\" \/>\n<link rel=\"canonical\" href=\"https:\/\/dreid.nl\/?product=longwang-imperial-tag-police\" \/>\n<meta property=\"og:locale\" content=\"nl_NL\" \/>\n<meta property=\"og:type\" content=\"article\" \/>\n<meta property=\"og:title\" content=\"L\u00f3ngw\u00e1ng, Imperial TAG Police - DreiD BV\" \/>\n<meta property=\"og:description\" content=\"At the request of the Imperial Service Tactical Command, the G\u0101ng Tie Corporation developed the Sh\u014fuh\u00f9l\u00f3ng model (\u5b88\u62a4\u9f99, \u201cGuardian Dragon\u201d), a compact TAG suited to the needs of that law enforcement unit. Featuring stronger armor than any other Imperial Service unit, this TAG can withstand the most intense firefights, as required by the new operational [&hellip;]\" \/>\n<meta property=\"og:url\" content=\"https:\/\/dreid.nl\/?product=longwang-imperial-tag-police\" \/>\n<meta property=\"og:site_name\" content=\"DreiD BV\" \/>\n<meta property=\"article:publisher\" content=\"https:\/\/www.facebook.com\/DreiDBV\" \/>\n<meta property=\"og:image\" content=\"http:\/\/dreid.nl\/wp-content\/uploads\/2025\/03\/longwang-imperial-tag-police-1.webp\" \/>\n\t<meta property=\"og:image:width\" content=\"921\" \/>\n\t<meta property=\"og:image:height\" content=\"691\" \/>\n\t<meta property=\"og:image:type\" content=\"image\/webp\" \/>\n<meta name=\"twitter:card\" content=\"summary_large_image\" \/>\n<meta name=\"twitter:label1\" content=\"Verwachte leestijd\" \/>\n\t<meta name=\"twitter:data1\" content=\"1 minuut\" \/>\n<script type=\"application\/ld+json\" class=\"yoast-schema-graph\">{\"@context\":\"https:\\\/\\\/schema.org\",\"@graph\":[{\"@type\":\"WebPage\",\"@id\":\"https:\\\/\\\/dreid.nl\\\/?product=longwang-imperial-tag-police\",\"url\":\"https:\\\/\\\/dreid.nl\\\/?product=longwang-imperial-tag-police\",\"name\":\"L\u00f3ngw\u00e1ng, Imperial TAG Police - DreiD BV\",\"isPartOf\":{\"@id\":\"https:\\\/\\\/dreid.nl\\\/#website\"},\"primaryImageOfPage\":{\"@id\":\"https:\\\/\\\/dreid.nl\\\/?product=longwang-imperial-tag-police#primaryimage\"},\"image\":{\"@id\":\"https:\\\/\\\/dreid.nl\\\/?product=longwang-imperial-tag-police#primaryimage\"},\"thumbnailUrl\":\"https:\\\/\\\/dreid.nl\\\/wp-content\\\/uploads\\\/2025\\\/03\\\/longwang-imperial-tag-police-1.webp\",\"datePublished\":\"2025-03-28T09:19:37+00:00\",\"breadcrumb\":{\"@id\":\"https:\\\/\\\/dreid.nl\\\/?product=longwang-imperial-tag-police#breadcrumb\"},\"inLanguage\":\"nl-NL\",\"potentialAction\":[{\"@type\":\"ReadAction\",\"target\":[\"https:\\\/\\\/dreid.nl\\\/?product=longwang-imperial-tag-police\"]}]},{\"@type\":\"ImageObject\",\"inLanguage\":\"nl-NL\",\"@id\":\"https:\\\/\\\/dreid.nl\\\/?product=longwang-imperial-tag-police#primaryimage\",\"url\":\"https:\\\/\\\/dreid.nl\\\/wp-content\\\/uploads\\\/2025\\\/03\\\/longwang-imperial-tag-police-1.webp\",\"contentUrl\":\"https:\\\/\\\/dreid.nl\\\/wp-content\\\/uploads\\\/2025\\\/03\\\/longwang-imperial-tag-police-1.webp\",\"width\":921,\"height\":691},{\"@type\":\"BreadcrumbList\",\"@id\":\"https:\\\/\\\/dreid.nl\\\/?product=longwang-imperial-tag-police#breadcrumb\",\"itemListElement\":[{\"@type\":\"ListItem\",\"position\":1,\"name\":\"Home\",\"item\":\"https:\\\/\\\/dreid.nl\\\/\"},{\"@type\":\"ListItem\",\"position\":2,\"name\":\"Shop\",\"item\":\"https:\\\/\\\/dreid.nl\\\/?page_id=170\"},{\"@type\":\"ListItem\",\"position\":3,\"name\":\"L\u00f3ngw\u00e1ng, Imperial TAG Police\"}]},{\"@type\":\"WebSite\",\"@id\":\"https:\\\/\\\/dreid.nl\\\/#website\",\"url\":\"https:\\\/\\\/dreid.nl\\\/\",\"name\":\"DreiD BV\",\"description\":\"3D printen en meer\",\"publisher\":{\"@id\":\"https:\\\/\\\/dreid.nl\\\/#organization\"},\"potentialAction\":[{\"@type\":\"SearchAction\",\"target\":{\"@type\":\"EntryPoint\",\"urlTemplate\":\"https:\\\/\\\/dreid.nl\\\/?s={search_term_string}\"},\"query-input\":{\"@type\":\"PropertyValueSpecification\",\"valueRequired\":true,\"valueName\":\"search_term_string\"}}],\"inLanguage\":\"nl-NL\"},{\"@type\":\"Organization\",\"@id\":\"https:\\\/\\\/dreid.nl\\\/#organization\",\"name\":\"DreiD B.V.\",\"url\":\"https:\\\/\\\/dreid.nl\\\/\",\"logo\":{\"@type\":\"ImageObject\",\"inLanguage\":\"nl-NL\",\"@id\":\"https:\\\/\\\/dreid.nl\\\/#\\\/schema\\\/logo\\\/image\\\/\",\"url\":\"http:\\\/\\\/dreid.nl\\\/wp-content\\\/uploads\\\/2017\\\/11\\\/cropped-logo-vierkant.png\",\"contentUrl\":\"http:\\\/\\\/dreid.nl\\\/wp-content\\\/uploads\\\/2017\\\/11\\\/cropped-logo-vierkant.png\",\"width\":512,\"height\":512,\"caption\":\"DreiD B.V.\"},\"image\":{\"@id\":\"https:\\\/\\\/dreid.nl\\\/#\\\/schema\\\/logo\\\/image\\\/\"},\"sameAs\":[\"https:\\\/\\\/www.facebook.com\\\/DreiDBV\"]}]}<\/script>\n<!-- \/ Yoast SEO plugin. -->","yoast_head_json":{"title":"L\u00f3ngw\u00e1ng, Imperial TAG Police - DreiD BV","robots":{"index":"index","follow":"follow","max-snippet":"max-snippet:-1","max-image-preview":"max-image-preview:large","max-video-preview":"max-video-preview:-1"},"canonical":"https:\/\/dreid.nl\/?product=longwang-imperial-tag-police","og_locale":"nl_NL","og_type":"article","og_title":"L\u00f3ngw\u00e1ng, Imperial TAG Police - DreiD BV","og_description":"At the request of the Imperial Service Tactical Command, the G\u0101ng Tie Corporation developed the Sh\u014fuh\u00f9l\u00f3ng model (\u5b88\u62a4\u9f99, \u201cGuardian Dragon\u201d), a compact TAG suited to the needs of that law enforcement unit. Featuring stronger armor than any other Imperial Service unit, this TAG can withstand the most intense firefights, as required by the new operational [&hellip;]","og_url":"https:\/\/dreid.nl\/?product=longwang-imperial-tag-police","og_site_name":"DreiD BV","article_publisher":"https:\/\/www.facebook.com\/DreiDBV","og_image":[{"width":921,"height":691,"url":"http:\/\/dreid.nl\/wp-content\/uploads\/2025\/03\/longwang-imperial-tag-police-1.webp","type":"image\/webp"}],"twitter_card":"summary_large_image","twitter_misc":{"Verwachte leestijd":"1 minuut"},"schema":{"@context":"https:\/\/schema.org","@graph":[{"@type":"WebPage","@id":"https:\/\/dreid.nl\/?product=longwang-imperial-tag-police","url":"https:\/\/dreid.nl\/?product=longwang-imperial-tag-police","name":"L\u00f3ngw\u00e1ng, Imperial TAG Police - DreiD BV","isPartOf":{"@id":"https:\/\/dreid.nl\/#website"},"primaryImageOfPage":{"@id":"https:\/\/dreid.nl\/?product=longwang-imperial-tag-police#primaryimage"},"image":{"@id":"https:\/\/dreid.nl\/?product=longwang-imperial-tag-police#primaryimage"},"thumbnailUrl":"https:\/\/dreid.nl\/wp-content\/uploads\/2025\/03\/longwang-imperial-tag-police-1.webp","datePublished":"2025-03-28T09:19:37+00:00","breadcrumb":{"@id":"https:\/\/dreid.nl\/?product=longwang-imperial-tag-police#breadcrumb"},"inLanguage":"nl-NL","potentialAction":[{"@type":"ReadAction","target":["https:\/\/dreid.nl\/?product=longwang-imperial-tag-police"]}]},{"@type":"ImageObject","inLanguage":"nl-NL","@id":"https:\/\/dreid.nl\/?product=longwang-imperial-tag-police#primaryimage","url":"https:\/\/dreid.nl\/wp-content\/uploads\/2025\/03\/longwang-imperial-tag-police-1.webp","contentUrl":"https:\/\/dreid.nl\/wp-content\/uploads\/2025\/03\/longwang-imperial-tag-police-1.webp","width":921,"height":691},{"@type":"BreadcrumbList","@id":"https:\/\/dreid.nl\/?product=longwang-imperial-tag-police#breadcrumb","itemListElement":[{"@type":"ListItem","position":1,"name":"Home","item":"https:\/\/dreid.nl\/"},{"@type":"ListItem","position":2,"name":"Shop","item":"https:\/\/dreid.nl\/?page_id=170"},{"@type":"ListItem","position":3,"name":"L\u00f3ngw\u00e1ng, Imperial TAG Police"}]},{"@type":"WebSite","@id":"https:\/\/dreid.nl\/#website","url":"https:\/\/dreid.nl\/","name":"DreiD BV","description":"3D printen en meer","publisher":{"@id":"https:\/\/dreid.nl\/#organization"},"potentialAction":[{"@type":"SearchAction","target":{"@type":"EntryPoint","urlTemplate":"https:\/\/dreid.nl\/?s={search_term_string}"},"query-input":{"@type":"PropertyValueSpecification","valueRequired":true,"valueName":"search_term_string"}}],"inLanguage":"nl-NL"},{"@type":"Organization","@id":"https:\/\/dreid.nl\/#organization","name":"DreiD B.V.","url":"https:\/\/dreid.nl\/","logo":{"@type":"ImageObject","inLanguage":"nl-NL","@id":"https:\/\/dreid.nl\/#\/schema\/logo\/image\/","url":"http:\/\/dreid.nl\/wp-content\/uploads\/2017\/11\/cropped-logo-vierkant.png","contentUrl":"http:\/\/dreid.nl\/wp-content\/uploads\/2017\/11\/cropped-logo-vierkant.png","width":512,"height":512,"caption":"DreiD B.V."},"image":{"@id":"https:\/\/dreid.nl\/#\/schema\/logo\/image\/"},"sameAs":["https:\/\/www.facebook.com\/DreiDBV"]}]}},"_links":{"self":[{"href":"https:\/\/dreid.nl\/index.php?rest_route=\/wp\/v2\/product\/2894","targetHints":{"allow":["GET"]}}],"collection":[{"href":"https:\/\/dreid.nl\/index.php?rest_route=\/wp\/v2\/product"}],"about":[{"href":"https:\/\/dreid.nl\/index.php?rest_route=\/wp\/v2\/types\/product"}],"wp:featuredmedia":[{"embeddable":true,"href":"https:\/\/dreid.nl\/index.php?rest_route=\/wp\/v2\/media\/2895"}],"wp:attachment":[{"href":"https:\/\/dreid.nl\/index.php?rest_route=%2Fwp%2Fv2%2Fmedia&parent=2894"}],"wp:term":[{"taxonomy":"product_brand","embeddable":true,"href":"https:\/\/dreid.nl\/index.php?rest_route=%2Fwp%2Fv2%2Fproduct_brand&post=2894"},{"taxonomy":"product_cat","embeddable":true,"href":"https:\/\/dreid.nl\/index.php?rest_route=%2Fwp%2Fv2%2Fproduct_cat&post=2894"},{"taxonomy":"product_tag","embeddable":true,"href":"https:\/\/dreid.nl\/index.php?rest_route=%2Fwp%2Fv2%2Fproduct_tag&post=2894"}],"curies":[{"name":"wp","href":"https:\/\/api.w.org\/{rel}","templated":true}]}}